{"id":160,"date":"2015-04-24T09:13:24","date_gmt":"2015-04-24T07:13:24","guid":{"rendered":"http:\/\/medaon.de\/2015\/?page_id=160"},"modified":"2026-04-17T16:08:30","modified_gmt":"2026-04-17T14:08:30","slug":"redaktion","status":"publish","type":"page","link":"https:\/\/www.medaon.de\/de\/medaon\/redaktion\/","title":{"rendered":"Redaktion"},"content":{"rendered":"<h2>Koordination:<\/h2>\n<p>Larissa Bothe, Solvejg H\u00f6ppner, Gunda Ulbricht, Mathias Berek, Stefan Schwarz, Daniel Ristau,\u00a0<\/p>\n<h2>Fachredaktionen:<\/h2>\n<h2>Europ\u00e4isch-j\u00fcdische Literatur-, Kultur- und Geistesgeschichte<\/h2>\n<p>Mathias Berek, Anna-Dorothea Ludewig<\/p>\n<h2>J\u00fcdisches Leben nach 1945<\/h2>\n<p>Olaf Gl\u00f6ckner, Alexandra Klei, Steffen Heidrich, Sebastian Venske<\/p>\n<h2>Deutsch-J\u00fcdische Geschichte des 19. Jahrhunderts<\/h2>\n<p>Daniel Ristau, Stefan Schwarz<\/p>\n<h2>Theorie und Geschichte des Antisemitismus\/Shoah<\/h2>\n<p>Tobias Ebbrecht-Hartmann, Alexander Lorenz-Milord, Ronny Noak, Cyra Sommer<\/p>\n<h2>Digitales<\/h2>\n<p>Anna Menny, Nina Zellerhoff<\/p>\n<h2>Transnationale j\u00fcdische Geschichte<\/h2>\n<p>David J\u00fcnger, Katrin Steffen<\/p>\n<h2>Miszellen<\/h2>\n<p>Gunda Ulbricht, Martin Munke<\/p>\n<h2>Bildung<\/h2>\n<p>Susanna Kunze, Larissa Bothe<\/p>\n<h2>Rezensionen<\/h2>\n<p>Moritz Bauerfeind, Norman Salusa<\/p>\n<h2>Korrektorat<\/h2>\n<p>Cathleen B\u00fcrgelt, Margi Schellenberg<\/p>\n<h2>Satz und technischer Support<\/h2>\n<p>Annemarie H\u00fchne-Ramm, Svenja Schulte<\/p>\n<h2>Ehemalige Mitglieder<\/h2>\n<p>Thomas Fache, Gerd Stecklina, Maria Diemling, Dana Schlegelmilch, Katharina W\u00fcstefeld, Rahel Blum, Daniela Wittig, Heike Liebsch, Michaela Christ, Kai Drewes, Melanie Eulitz, Alina Gromova, Kerstin von der Krone, Hendrik Niether, Claudia Prestel, Heike Radvan, Lutz Vogel<\/p>\n\n\n<p><\/p>\n","protected":false},"excerpt":{"rendered":"<p>Koordination: Larissa Bothe, Solvejg H\u00f6ppner, Gunda Ulbricht, Mathias Berek, Stefan Schwarz, Daniel Ristau,\u00a0 Fachredaktionen: Europ\u00e4isch-j\u00fcdische Literatur-, Kultur- und Geistesgeschichte Mathias Berek, Anna-Dorothea Ludewig J\u00fcdisches Leben nach 1945 Olaf Gl\u00f6ckner, Alexandra Klei, Steffen Heidrich, Sebastian Venske Deutsch-J\u00fcdische Geschichte des 19. Jahrhunderts Daniel Ristau, Stefan Schwarz Theorie und Geschichte des Antisemitismus\/Shoah Tobias Ebbrecht-Hartmann, Alexander Lorenz-Milord, Ronny Noak, [&hellip;]<\/p>\n","protected":false},"author":1,"featured_media":0,"parent":2,"menu_order":0,"comment_status":"closed","ping_status":"open","template":"","meta":[],"_links":{"self":[{"href":"https:\/\/www.medaon.de\/de\/wp-json\/wp\/v2\/pages\/160"}],"collection":[{"href":"https:\/\/www.medaon.de\/de\/wp-json\/wp\/v2\/pages"}],"about":[{"href":"https:\/\/www.medaon.de\/de\/wp-json\/wp\/v2\/types\/page"}],"author":[{"embeddable":true,"href":"https:\/\/www.medaon.de\/de\/wp-json\/wp\/v2\/users\/1"}],"replies":[{"embeddable":true,"href":"https:\/\/www.medaon.de\/de\/wp-json\/wp\/v2\/comments?post=160"}],"version-history":[{"count":26,"href":"https:\/\/www.medaon.de\/de\/wp-json\/wp\/v2\/pages\/160\/revisions"}],"predecessor-version":[{"id":5825,"href":"https:\/\/www.medaon.de\/de\/wp-json\/wp\/v2\/pages\/160\/revisions\/5825"}],"up":[{"embeddable":true,"href":"https:\/\/www.medaon.de\/de\/wp-json\/wp\/v2\/pages\/2"}],"wp:attachment":[{"href":"https:\/\/www.medaon.de\/de\/wp-json\/wp\/v2\/media?parent=160"}],"curies":[{"name":"wp","href":"https:\/\/api.w.org\/{rel}","templated":true}]}}

<h2>Koordination:</h2>
<p>Larissa Bothe, Solvejg Höppner, Gunda Ulbricht, Mathias Berek, Stefan Schwarz, Daniel Ristau, </p>
<h2>Fachredaktionen:</h2>
<h2>Europäisch-jüdische Literatur-, Kultur- und Geistesgeschichte</h2>
<p>Mathias Berek, Anna-Dorothea Ludewig</p>
<h2>Jüdisches Leben nach 1945</h2>
<p>Olaf Glöckner, Alexandra Klei, Steffen Heidrich, Sebastian Venske</p>
<h2>Deutsch-Jüdische Geschichte des 19. Jahrhunderts</h2>
<p>Daniel Ristau, Stefan Schwarz</p>
<h2>Theorie und Geschichte des Antisemitismus/Shoah</h2>
<p>Tobias Ebbrecht-Hartmann, Alexander Lorenz-Milord, Ronny Noak, Cyra Sommer</p>
<h2>Digitales</h2>
<p>Anna Menny, Nina Zellerhoff</p>
<h2>Transnationale jüdische Geschichte</h2>
<p>David Jünger, Katrin Steffen</p>
<h2>Miszellen</h2>
<p>Gunda Ulbricht, Martin Munke</p>
<h2>Bildung</h2>
<p>Susanna Kunze, Larissa Bothe</p>
<h2>Rezensionen</h2>
<p>Moritz Bauerfeind, Norman Salusa</p>
<h2>Korrektorat</h2>
<p>Cathleen Bürgelt, Margi Schellenberg</p>
<h2>Satz und technischer Support</h2>
<p>Annemarie Hühne-Ramm, Svenja Schulte</p>
<h2>Ehemalige Mitglieder</h2>
<p>Thomas Fache, Gerd Stecklina, Maria Diemling, Dana Schlegelmilch, Katharina Wüstefeld, Rahel Blum, Daniela Wittig, Heike Liebsch, Michaela Christ, Kai Drewes, Melanie Eulitz, Alina Gromova, Kerstin von der Krone, Hendrik Niether, Claudia Prestel, Heike Radvan, Lutz Vogel</p>


<p></p>

<p>Koordination: Larissa Bothe, Solvejg Höppner, Gunda Ulbricht, Mathias Berek, Stefan Schwarz, Daniel Ristau,  Fachredaktionen: Europäisch-jüdische Literatur-, Kultur- und Geistesgeschichte Mathias Berek, Anna-Dorothea Ludewig Jüdisches Leben nach 1945 Olaf Glöckner, Alexandra Klei, Steffen Heidrich, Sebastian Venske Deutsch-Jüdische Geschichte des 19. Jahrhunderts Daniel Ristau, Stefan Schwarz Theorie und Geschichte des Antisemitismus/Shoah Tobias Ebbrecht-Hartmann, Alexander Lorenz-Milord, Ronny Noak, [&hellip;]</p>
